 9999?
False
Is 4 a factor of 687?
False
Is 24 a factor of 8032?
False
Is 58598 a multiple of 13?
False
Does 47 divide 18330?
True
Is 34 a factor of 131?
False
Is 387 a multiple of 9?
True
Is 14630 a multiple of 154?
True
Is 28175 a multiple of 49?
True
Is 23 a factor of 21521?
False
Does 41 divide 30495?
False
Does 5 divide 700?
True
Does 67 divide 83415?
True
Does 31 divide 1556?
False
Is 2763 a multiple of 124?
False
Is 14214 a multiple of 6?
True
Is 12 a factor of 30?
False
Is 117 a factor of 1876?
False
Is 32844 a multiple of 17?
True
Is 2088 a multiple of 4?
True
Does 23 divide 734?
False
Does 58 divide 116?
True
Is 866 a multiple of 13?
False
Is 94116 a multiple of 372?
True
Does 27 divide 2565?
True
Is 144 a factor of 11500?
False
Is 73 a factor of 3139?
True
Does 126 divide 8288?
False
Does 6 divide 180?
True
Does 141 divide 564?
True
Is 44880 a multiple of 30?
True
Does 2 divide 73?
False
Is 74372 a multiple of 44?
False
Is 4674 a multiple of 38?
True
Is 2112 a multiple of 10?
False
Is 279 a factor of 116064?
True
Is 102 a factor of 3570?
True
Is 32 a factor of 8864?
True
Is 6 a factor of 2808?
True
Is 40 a multiple of 26?
False
Does 4 divide 1124?
True
Is 16328 a multiple of 26?
True
Is 18282 a multiple of 19?
False
Is 3 a factor of 65?
False
Is 9 a factor of 11393?
False
Is 4323 a multiple of 134?
False
Is 19 a factor of 76?
True
Does 2 divide 181?
False
Is 44 a factor of 308?
True
Is 3435 a multiple of 15?
True
Is 13 a factor of 72540?
True
Is 23 a factor of 90?
False
Is 16 a factor of 5317?
False
Is 155 a factor of 8990?
True
Does 18 divide 270?
True
Is 1116 a multiple of 36?
True
Does 75 divide 2106?
False
Is 58 a factor of 1641?
False
Is 32 a multiple of 5?
False
Does 3 divide 17?
False
Is 22 a factor of 77198?
True
Is 2 a factor of 601?
False
Does 7 divide 49?
True
Is 7 a factor of 597?
False
Is 51473 a multiple of 219?
False
Does 9 divide 1476?
True
Does 29 divide 348?
True
Is 4 a factor of 6436?
True
Is 34 a factor of 2040?
True
Is 4683 a multiple of 122?
False
Is 416 a multiple of 58?
False
Is 205 a multiple of 7?
False
Is 1478 a multiple of 365?
False
Is 14 a factor of 3864?
True
Does 49 divide 1745?
False
Is 1666 a multiple of 15?
False
Does 26 divide 12272?
True
Is 864 a multiple of 36?
True
Is 149 a factor of 40379?
True
Is 1320 a multiple of 24?
True
Is 24 a factor of 7848?
True
Is 11 a factor of 418?
True
Is 178 a factor of 21360?
True
Does 107 divide 24845?
False
Does 52 divide 26468?
True
Is 13 a factor of 598?
True
Is 4 a factor of 7236?
True
Does 16 divide 1456?
True
Is 3 a factor of 13461?
True
Is 73 a factor of 6716?
True
Is 31 a factor of 11581?
False
Is 48 a factor of 17601?
False
Does 17 divide 612?
True
Is 68452 a multiple of 157?
True
Does 13 divide 169?
True
Is 27 a factor of 54459?
True
Is 2675 a multiple of 95?
False
Is 791 a multiple of 3?
False
Does 37 divide 3319?
False
Is 14 a factor of 406?
True
Is 928 a multiple of 16?
True
Does 23 divide 60990?
False
Is 15 a factor of 5385?
True
Does 2 divide 279?
False
Is 2 a factor of 3?
False
Does 24 divide 1255?
False
Is 9 a factor of 2394?
True
Is 12 a factor of 400?
False
Does 13 divide 416?
True
Does 53 divide 805?
False
Is 4268 a multiple of 38?
False
Is 17 a factor of 15199?
False
Is 34 a factor of 2183?
False
Is 293 a multiple of 21?
False
Is 61 a factor of 7808?
True
Is 129848 a multiple of 13?
False
Is 66 a factor of 858?
True
Is 13525 a multiple of 26?
False
Is 699 a multiple of 44?
False
Is 16704 a multiple of 36?
True
Is 10 a factor of 2310?
True
Does 27 divide 246?
False
Does 130 divide 33105?
False
Is 28 a factor of 2100?
True
Is 22 a factor of 2332?
True
Is 54 a multiple of 18?
True
Does 19 divide 1874?
False
Is 388 a multiple of 16?
False
Is 108 a factor of 43740?
True
Is 15 a factor of 2325?
True
Is 16 a factor of 464?
True
Is 54 a factor of 8328?
False
Is 3203 a multiple of 29?
False
Does 56 divide 32613?
False
Does 108 divide 96881?
False
Does 39 divide 1053?
True
Does 54 divide 9666?
True
Is 10 a factor of 31160?
True
Is 26 a factor of 228?
False
Is 1280 a multiple of 20?
True
Is 15222 a multiple of 30?
False
Does 44 divide 31064?
True
Is 1035 a multiple of 69?
True
Is 20 a factor of 21477?
False
Is 39102 a multiple of 65?
False
Is 3 a factor of 9789?
True
Is 16465 a multiple of 29?
False
Is 17952 a multiple of 34?
True
Is 52 a factor of 23036?
True
Does 11 divide 7966?
False
Does 67 divide 1139?
True
Is 49 a factor of 9800?
True
Is 7 a factor of 1179?
False
Does 62 divide 36959?
False
Is 18537 a multiple of 178?
False
Does 32 divide 2621?
False
Is 510 a multiple of 10?
True
Is 1358 a multiple of 7?
True
Does 25 divide 1233?
False
Is 78 a factor of 49053?
False
Is 31 a factor of 15779?
True
Does 7 divide 6251?
True
Is 8 a factor of 11416?
True
Is 61 a factor of 1342?
True
Is 8382 a multiple of 15?
False
Is 31 a factor of 1302?
True
Does 90 divide 849?
False
Is 18 a factor of 31?
False
Is 4489 a multiple of 12?
False
Does 57 divide 1824?
True
Is 3752 a multiple of 67?
True
Is 36 a factor of 1063?
False
Is 170 a multiple of 4?
False
Is 435 a multiple of 21?
False
Is 56082 a multiple of 13?
True
Is 731 a multiple of 43?
True
Is 1948 a multiple of 2?
True
Is 30 a factor of 87?
False
Is 119 a factor of 41769?
True
Is 48 a factor of 851?
False
Does 16 divide 1049?
False
Is 1862 a multiple of 38?
True
Is 7 a factor of 5326?
False
Is 20 a factor of 460?
True
Does 18 divide 4277?
False
Is 47 a factor of 393?
False
Is 1853 a multiple of 109?
True
Is 3488 a multiple of 109?
True
Is 212 a factor of 30952?
True
Is 96 a factor of 3264?
True
Is 8 a factor of 1135?
False
Does 51 divide 204?
True
Is 46 a factor of 1242?
True
Is 19 a factor of 1068?
False
Does 46 divide 368?
True
Does 34 divide 5712?
True
Does 4 divide 2602?
False
Does 8 divide 88?
True
Is 21142 a multiple of 17?
False
Is 12 a factor of 1476?
True
Is 190 a factor of 4750?
True
Is 5844 a multiple of 92?
False
Does 28 divide 43288?
True
Does 12 divide 636?
True
Is 15 a factor of 8326?
False
Is 24 a factor of 2579?
False
Does 18 divide 790?
False
Is 3 a factor of 9049?
False
Is 39600 a multiple of 80?
True
Is 7 a factor of 76905?
False
Is 383 a multiple of 2?
False
Is 39956 a multiple of 9?
False
Is 2042 a multiple of 7?
False
Is 139664 a multiple of 56?
True
Is 18 a factor of 22428?
True
Is 510 a multiple of 33?
False
Is 7889 a multiple of 4?
False
Does 140 divide 33460?
True
Is 147 a multiple of 21?
True
Is 11046 a multiple of 6?
True
Does 10 divide 950?
True
Is 21085 a multiple of 176?
False
Is 6 a factor of 235?
False
Does 323 divide 83495?
False
Is 154 a multiple of 17?
False
Is 58 a factor of 9918?
True
Does 3 divide 360?
True
Is 21520 a multiple of 10?
True
Does 7 divide 188?
False
Is 2170 a multiple of 35?
True
Is 11 a factor of 2300?
False
Is 1146 a multiple of 25?
False
Does 18 divide 3124?
False
Is 3 a factor of 525?
True
Is 3648 a multiple of 2?
True
Is 14 a factor of 2660?
True
Is 19 a factor of 5054?
True
Is 9 a factor of 18584?
False
Does 12 divide 3613?
False
Is 107016 a multiple of 14?
True
Is 805 a multiple of 35?
True
Is 33732 a multiple of 4?
True
Does 55 divide 2585?
True
Is 105 a multiple of 46?
False
Is 32551 a multiple of 232?
False
Does 37 divide 6464?
False
Does 82 divide 22632?
True
Is 9 a factor of 35517?
False
Does 20 divide 460?
True
Is 103 a factor of 2987?
True
Is 93 a factor of 5673?
True
Is 104810 a multiple of 235?
True
Is 5 a factor of 227?
False
Does 88 divide 31659?
False
Is 8 a factor of 2048?
True
Is 11 a multiple of 11?
True
Does 284 divide 31240?
True
Is 453 even?
False
Is 4 a factor of 176?
True
Does 8 divide 568?
True
Is 6 a factor of 2778?
True
Is 67 a factor of 737?
True
Is 23876 a multiple of 26?
False
Is 2217 a multiple of 37?
False
Is 14 a factor of 6104?
True
Is 22583 a multiple of 69?
False
Is 20 a factor of 404?
False
Is 14 a factor of 107898?
True
Is 17 a multiple of 9?
False
Does 86 divide 11292?
False
Is 16263 a multiple of 62?
False
Does 53 divide 4929?
True
Is 12 a factor of 96?
True
Is 449 a multiple of 10?
False
Does 43 divide 1032?
True
Is 9 a factor of 6659?
False
Does 58 divide 267?
False
Is 195 a multiple of 5?
True
Does 21 divide 418?
False
Is 5134 a multiple of 118?
False
Does 27 divide 594?
True
Is 1113 a multiple of 21?
True